1912566 and 21210?
4242
What is the greatest common divisor of 168054768 and 12528?
4176
What is the greatest common divisor of 11745 and 207339705?
1305
What is the greatest common factor of 867 and 354654?
51
What is the greatest common divisor of 517122888 and 8?
8
What is the highest common factor of 172053160 and 10?
10
What is the highest common factor of 124830 and 3959505?
855
Calculate the highest common factor of 154457365 and 45.
5
Calculate the greatest common factor of 59214672 and 5610.
1122
What is the highest common factor of 2664178 and 1089?
121
Calculate the highest common divisor of 72026401 and 29.
29
Calculate the highest common divisor of 612 and 8189172.
612
What is the greatest common factor of 6335136 and 88?
8
Calculate the greatest common divisor of 311273 and 104.
1
What is the highest common divisor of 71 and 118561693?
71
What is the highest common divisor of 134807619 and 3?
3
Calculate the greatest common factor of 89 and 34585667.
89
Calculate the greatest common divisor of 1650 and 583275.
825
What is the highest common divisor of 411 and 832773543?
411
Calculate the greatest common factor of 1132928 and 12692.
668
Calculate the greatest common factor of 2085737 and 1.
1
Calculate the highest common divisor of 3008 and 175278792.
376
Calculate the highest common divisor of 57 and 1691146414.
19
Calculate the greatest common divisor of 96624 and 7808328.
792
What is the greatest common divisor of 606255 and 91?
13
What is the highest common factor of 26 and 176334197?
13
What is the greatest common factor of 203300 and 16435?
95
What is the greatest common divisor of 270868 and 236444?
52
What is the highest common divisor of 34560 and 22905?
45
What is the highest common divisor of 463218765 and 190?
95
Calculate the highest common factor of 670799390 and 62.
62
Calculate the greatest common factor of 6581472 and 3830.
766
What is the highest common divisor of 7 and 116297839?
7
What is the highest common factor of 9 and 3156831?
9
Calculate the greatest common divisor of 294354 and 160686.
1422
Calculate the highest common factor of 9117178 and 310240.
3878
What is the greatest common factor of 19986 and 942?
6
Calculate the greatest common divisor of 24350 and 35725.
25
What is the greatest common factor of 429 and 13061802?
39
Calculate the highest common divisor of 28570299 and 956.
239
Calculate the greatest common factor of 280469 and 400281.
2723
What is the highest common divisor of 62251959 and 2541?
2541
Calculate the highest common divisor of 195247 and 169.
13
What is the greatest common divisor of 44574 and 823446?
2346
Calculate the highest common factor of 659639241 and 745.
149
Calculate the highest common factor of 1218 and 16113792.
174
What is the highest common factor of 888 and 16201893?
111
Calculate the greatest common divisor of 770 and 567847720.
110
What is the highest common factor of 2881993 and 2397?
799
What is the highest common factor of 432587180 and 80?
20
What is the highest common divisor of 234 and 77980734?
234
Calculate the highest common factor of 1309 and 82257329.
77
Calculate the greatest common factor of 3913377 and 39.
39
What is the greatest common divisor of 180747 and 14647?
151
Calculate the greatest common divisor of 40250 and 20596625.
875
What is the greatest common divisor of 13004883 and 103?
103
Calculate the highest common factor of 45530 and 36610.
10
Calculate the greatest common factor of 180 and 860200.
20
What is the greatest common divisor of 36806650 and 194?
194
What is the highest common factor of 4125 and 42111080?
55
Calculate the greatest common divisor of 621163 and 104737.
1037
Calculate the highest common divisor of 30912 and 19481.
161
Calculate the highest common factor of 8426 and 34870.
22
What is the greatest common divisor of 65065752 and 432?
72
What is the highest common factor of 4328903 and 5453?
779
Calculate the highest common factor of 149230382 and 13846.
602
What is the highest common factor of 185 and 22856195?
185
Calculate the greatest common divisor of 496 and 164238.
62
What is the highest common factor of 1303066 and 1517?
37
What is the highest common divisor of 30248 and 836?
76
Calculate the highest common factor of 57 and 469256547.
57
What is the highest common divisor of 54178 and 458041?
103
What is the highest common divisor of 22 and 94729118?
22
What is the greatest common factor of 1415948 and 59572?
212
Calculate the greatest common divisor of 4211142 and 69966.
1014
What is the greatest common factor of 9513 and 94143?
21
Calculate the greatest common divisor of 8119583 and 13069.
1867
Calculate the greatest common divisor of 63 and 8782774.
7
Calculate the highest common factor of 963 and 55618707.
321
Calculate the highest common factor of 791218 and 5002.
82
Calculate the highest common factor of 572 and 1222078.
286
What is the greatest common factor of 266 and 294574?
14
What is the highest common factor of 71040816 and 1341?
1341
Calculate the highest common divisor of 10 and 1468342.
2
What is the highest common divisor of 6656 and 1280032?
416
Calculate the greatest common factor of 886106 and 1118.
26
What is the greatest common divisor of 15428 and 153040076?
812
What is the greatest common divisor of 7514448 and 2670?
534
Calculate the greatest common factor of 4885563 and 254.
127
What is the greatest common divisor of 9594 and 2487987?
9
Calculate the greatest common factor of 57062642 and 89726.
3094
Calculate the greatest common divisor of 744192 and 74322.
18
Calculate the greatest common factor of 273572 and 75868.
52
Calculate the highest common factor of 33328526 and 719.
719
What is the greatest common divisor of 364 and 3546272184?
364
What is the highest common factor of 177508 and 6375164?
796
Calculate the greatest common factor of 7725464 and 9423.
349
Calculate the greatest common factor of 225525 and 248.
31
What is the highest common divisor of 285215 and 69335?
35
Calculate the highest common divisor of 39998 and 60186.
14
What is the greatest common divisor of 170 and 21798913?
17
Calculate the greatest common factor of 475 and 134410.
5
What is the highest common divisor of 4110 and 612938?
274
Calculate the highest common factor of 29458688 and 10752.
1792
Calculate the greatest common factor of 1774 and 692541216.
1774
Calculate the highest common factor of 6 and 132394.
2
What is the highest common divisor of 43830078 and 522?
174
Calculate the highest common factor of 2690806 and 579.
193
Calculate the greatest common divisor of 1998276892 and 874.
874
What is the highest common factor of 2241289 and 1692?
47
What is the greatest common divisor of 105386085 and 9?
9
Calculate the highest common factor of 25722 and 1200.
6
Calculate the highest common divisor of 206650848 and 6464.
3232
What is the highest common divisor of 23062654 and 3918?
1306
What is the highest common factor of 709170 and 18370?
110
Calculate the highest common factor of 7 and 44923662.
7
Calculate the greatest common factor of 244 and 1264917838.
122
Calculate the highest common divisor of 1289655 and 18640.
1165
What is the highest common divisor of 173124 and 9156?
84
Calculate the greatest common divisor of 23150841 and 35.
7
Calculate the greatest common divisor of 361760415 and 6995.
6995
What is the greatest common factor of 35445854 and 4926?
1642
Calculate the greatest common divisor of 19 and 13004417.
19
What is the highest common factor of 27517521 and 6567?
597
What is the highest common factor of 17 and 15299269?
17
Calculate the highest common factor of 104028022 and 2089.
2089
Calculate the highest common divisor of 22 and 89535798.
22
What is the greatest common factor of 704 and 418904?
8
Calculate the highest common divisor of 2253316 and 286.
26
What is the greatest common divisor of 77 and 761411?
7
What is the highest common divisor of 6775 and 1023725?
25
Calculate the highest common factor of 2195376 and 16752.
48
Calculate the greatest common factor of 52 and 13105703.
13
Calculate the greatest common factor of 542 and 3011623.
271
Calculate the highest common divisor of 6150543 and 2289.
2289
Calculate the greatest common divisor of 4370322 and 690.
138
What is the grea